t f be 4 - (74/185)/(1/25). Determine x(f).
1
Let u(y) = -2*y**3 - 20*y**2 - 2*y + 6. Let i be u(-10). Suppose 3*s + 5*z - 8 = 0, -s = 2*z + 22 - i. Let g(x) = x**3 + 3*x**2 - 4*x - 8. What is g(s)?
-8
Let h(r) be the second derivative of r**5/20 - 3*r**2/2 - 1584*r + 9. Suppose 2*u - 75 = -u. Suppose 1 + 4 = -2*x - q, -5*q - u = -x. Determine h(x).
-3
Let j be -1*(1 - (-4)/(-2)). Let t be j/(-3)*-3 - -7. Let k(b) = -8*b**2 - 44*b - 25. Let g(y) = 7*y**2 + 40*y + 23. Let q(p) = -9*g(p) - 8*k(p). What is q(t)?
-7
Let d(s) = 25*s - 23. Let g(r) = 2128*r - 1957. Let i(u) = 171*d(u) - 2*g(u). Give i(10).
171
Let m(d) be the first derivative of -3/2*d**2 - 4*d - 89. Determine m(-5).
11
Let i = 477 + -481. Let l(r) = -r**2 - 7*r + 1. Let u(k) = k**2 + 2*k - 1. Let z(w) = i*u(w) - l(w). Calculate z(-3).
-21
Let y(r) = r**2 - 530*r + 4683. Let p be y(9). Let l(w) = -2*w**2 - 18*w - 47. What is l(p)?
-11
Let m be 90/(-25)*(-15)/2. Let r = 29 - m. Let p(c) = 2*c**3 + 4 + c**r + 17*c**3 - 20*c**3 - 2*c**2 + 5*c. What is p(-3)?
7
Let a(m) = -2 - 10 + 3*m + 11. Suppose 37*y - 45*y - 16 = 0. Give a(y).
-7
Let w(c) = -c**3 - 6*c**2 - c. Suppose 0 = -5*n - 2*h - 49, 0 = -2*n + 4*h + 1 - 11. Let g be 6 + n + 22/(3 - 1). Suppose -j = -2 + g. Calculate w(j).
6
Let f(k) = -35*k + 24. Let o(j) = -100*j + 76. Let l(u) = 8*f(u) - 3*o(u). Calculate l(2).
4
Let c(p) be the third derivative of -29*p**4/24 - 11*p**3/3 - 2*p**2 - 236. Give c(-1).
7
Let d(v) be the first derivative of -28*v**3/3 + 7*v**2/2 + 8*v + 4604. Determine d(-1).
-27
Suppose 6*h = -13*h - 114. Let z(v) = 13*v + 8 + v - 5*v + 0*v - 5*v. Determine z(h).
-16
Let r(d) be the first derivative of d**3/6 - 9*d**2 - 5*d - 163. Let l(a) be the first derivative of r(a). Give l(9).
-9
Let m(j) = 33*j + 26. Let b(g) = -104*g - 75. Let y(x) = 6*b(x) + 19*m(x). Give y(-12).
8
Let r(l) = l. Let i(j) = -6*j**3 + 3*j**2 + 3*j + 1. Let y be i(-1). Suppose 0 = y*u - 4*u - 12. Suppose 3 = -x - 5*f + 5, -2*x - u*f + 4 = 0. What is r(x)?
2
Let s = -68 + 165. Let c = s + -95. Let g(y) = c*y - y**2 - 3*y - 31 + 36. Calculate g(-4).
-7
Let g(q) = 5*q**2 + 128*q + 17. Let d(r) = -14*r**2 - 356*r - 52. Let u(j) = 4*d(j) + 11*g(j). Let p = -38 + 24. What is u(p)?
7
Let g(w) = 2*w**2 - 9*w - 64. Let a = -3544 + 3552. What is g(a)?
-8
Suppose 1700*z + 115 = 1733*z - 116. Suppose 5*m - 26 = -6. Let y(n) = n**2 + m - 2*n - 6*n + 0*n. Calculate y(z).
-3
Let b(j) = j**3 - 11*j**2 - 9*j + 24. Suppose 191*o + 69 + 75 = 203*o. Determine b(o).
60
Let u(i) be the first derivative of i**2/2 - 8*i - 726. Calculate u(25).
17
Let x(a) = -5*a - 7. Let f be x(-4). Let z(v) = 9 + f*v**2 - 12*v**2 - 10 + 8*v. Determine z(-8).
-1
Let b(z) = -2*z**3 + 11*z**2 - z + 20. Let w = 229 - 226. Let f(t) = t**3 - 5*t**2 - 10. Let g(a) = w*b(a) + 5*f(a). Give g(7).
38
Let d be (-3591)/(-147) + -22 - 6/14. Let i(f) be the first derivative of 15 + 0*f - 1/2*f**d. Determine i(-6).
6
Let x be (6 - 16/3)*3. Suppose x*i - 8 = -4*m, 0 = -2*i + 2*m - 2 - 14. Let g(l) = -l**3 - 4*l**2 + 6*l + 5. What is g(i)?
-19
Let h(y) be the first derivative of y**3/3 + y**2 - 8*y + 1746. Give h(-4).
0
Let c(u) = -3*u**3 + 325*u**2 - 20*u + 40. Let o(g) = -4*g**3 + 457*g**2 - 30*g + 60. Let j(p) = -7*c(p) + 5*o(p). Give j(-11).
9
Let b = 203 - 201. Let r(u) = -156 + b*u - 148 + 323. Determine r(-10).
-1
Suppose -c - 3*d = -21, -2*c + 48 = 2*c + 3*d. Let y(s) = -34 + s**3 + 9 + 23 - c*s - 7*s**2. Determine y(8).
-10
Let o = 7460 + -7459. Let v(i) = 3*i + 0*i - 6*i. Determine v(o).
-3
Let c(a) = a + 51. Let b be -4 + (117/(-12))/(-13)*20. Give c(b).
62
Let z(s) be the first derivative of 0*s**2 + 2/3*s**3 - 51 - 4*s. Determine z(-3).
14
Let z(n) = n**3 - 12*n**2 + 10*n + 15. Suppose 41*o + 5 = 42*o. Let m(b) = 6*b - 19. Let y be m(o). What is z(y)?
4
Let a(j) = -j**3 + 5*j**2 + 4*j - 4. Let s be (-6)/(-14) + (-11)/21*-3. Suppose 4*m + p - 15 = 4, s*p - 14 = -2*m. Let d be 2 - (-5)/(5/m). Give a(d).
-16
Let n = 16 + -15. Let q(f) be the first derivative of f**6/24 - f**5/60 + f**4/24 - 11*f**3/3 + 7. Let j(u) be the third derivative of q(u). What is j(n)?
14
Let n = -141 + 141. Suppose n = -2*g + 15 - 13. Let r(j) = 0 + 1 - 6*j - 5*j. What is r(g)?
-10
Let k = -25 + 27. Suppose -5 = -15*f + 14*f. Let a(w) = w**2 - 2*w**2 + f - w**3 - 3 + 0*w**3. Give a(k).
-10
Let r(y) be the third derivative of y**4/24 - 8*y**3/3 + 599*y**2. Let x = -8 + 20. Give r(x).
-4
Let a(c) = -c**3 + 8*c**2 - 9*c + 3. Let v(q) be the third derivative of -q**5/60 + 17*q**4/24 + 15*q**3 + 9*q**2 + 7. Let r be v(21). Calculate a(r).
21
Let a(z) be the first derivative of -5*z**2/2 - 17*z - 11. Let m be a(-4). Suppose m*l = 8*l - 5. Let u(g) = -9*g**3 - g**2 + g - 1. What is u(l)?
-10
Let t = -104 - -95. Let x = t - -11. Let z(w) = 4*w**3 - 10*w**2 + 3*w + 4. Let f(n) = 3*n**3 - 9*n**2 + 4*n + 3. Let y(r) = x*z(r) - 3*f(r). What is y(6)?
-1
Suppose -39*g + 37*g + 3*v + 13 = 0, 0 = -2*g - 5*v - 11. Let n(z) = -3*z**3 + 3*z**2 - 6*z + 7. Give n(g).
-17
Suppose w = 5*l - 20, 3*w - 91*l = -90*l + 10. Let u(j) be the second derivative of j**4/12 - 5*j**3/6 + 3*j**2/2 + 8*j. Calculate u(w).
3
Let y(l) be the second derivative of 19*l**3/3 - 77*l**2 + 5068*l. Calculate y(4).
-2
Let h(k) be the second derivative of 9*k**4/4 + k**3/6 - 499*k. Let v(w) = 0 - 5*w + 0 + 0*w + 1 + w**2. Let g be v(5). What is h(g)?
28
Let g(o) = o**3 + 9*o**2 + 10*o + 8. Suppose 0 = -h - 5*x + 35, -h + 2*x = -2*h + 38. Suppose -10*y - h = -6*y - 2*d, -2*d = 2*y + 8. Calculate g(y).
-8
Let d(w) be the first derivative of -w**3/3 + 3*w**2/2 + 3*w + 2. Let x(a) be the first derivative of d(a). Let k = 341 + -339. Calculate x(k).
-1
Let z(o) = o**3 + 11*o**2 + 5*o + 6. Suppose -3*c - 5*a - 32 = 6, -1 = a. Let t be z(c). Let w = t + 44. Let n(r) = -r**2 - 3*r + 2. Calculate n(w).
-8
Let y(r) = -2*r**2 - 6 + 4*r - 19*r + r + 20*r. Give y(3).
-6
Let c(x) = 77*x**2 - 10*x + 28. Let n(i) = 90*i**2 - 12*i + 33. Let h(k) = -7*c(k) + 6*n(k). Let g(y) = -2*y + 4. Let m be g(4). What is h(m)?
26
Let n(v) = -4*v - 6 - 4 + 5*v + v**2 + 10*v - 3*v. Let y be (-1 + 11)/(26/13). Suppose 41 = -y*h - l + 5, 12 = 3*l. Determine n(h).
-10
Let m(n) = -n**3 + 4*n**2 - 2*n + 4. Let l(x) = -39*x + 5. Let u be l(-2). Let v(j) = 9 + 87*j - 171*j + u*j. Let o be v(6). Calculate m(o).
7
Let g(w) = -21*w - 76. Let f be g(-11). Let j = -149 + f. Let d(u) be the first derivative of u**3/3 - 4*u**2 + 4*u - 5. Give d(j).
-8
Suppose -5*q - 5*k = -15, 2*q + 24*k - 20 = 29*k. Let d(o) be the third derivative of 3/2*o**3 + 7*o**2 + 0 + 1/60*o**q - 3/8*o**4 + 0*o. Give d(9).
9
Let v(w) = w**3 - 15*w**2 + w + 10. Let r = -9336 - -9351. What is v(r)?
25
Suppose 6*s - 11*s = 67*s - 576. Let b(i) = -2*i + 20. Give b(s).
4
Suppose 0 = 5*w - 0*w. Let m(h) = h + 1. Let q be m(w). Let s(l) be the first derivative of -l**4/2 - l**3/3 - 4556. What is s(q)?
-3
Suppose 0 = 2*c + u + 7, 104*c + 8 = 100*c + 4*u. Let y(l) be the second derivative of l**4/12 + l**3/2 + l**2/2 - l. Determine y(c).
1
Let j(h) = -h**2 + 35*h + 2560. Let m be j(71). Let t(a) = 48*a - 189. Give t(m).
3
Let o = 469 - 452. Suppose -9*h - 72 = -o*h. Let u(x) = -x**3 + 10*x**2 - 9*x + 2. What is u(h)?
2
Let d(w) = w**2 + 22*w - 47. Suppose -84 = 2*m + 2*m. Let o be d(m). Let r = o - -69. Let x(t) = 6*t**3 - t. Determine x(r).
5
Let o(f) = 4*f**2 - 4*f - 1. Suppose -353 + 293 = 15*r. What is o(r)?
79
Suppose -3124 = -12*o - 3604. Let n(i) = -i - 38. What is n(o)?
2
Let p(y) be the third derivative of -y**5/60 + y**4/2 - 68*y**2 - 6. Give p(5).
35
Let o(w) = -w**2 + 2*w - 1. Let h = -217 - -219. Suppose -h*g = -4*g - 2*b - 2, -3*g + 4*b = -18. Calculate o(g).
-1
Let x = 29321 + -29305. Let v(b) be the second derivative of x*b + 0 - 1/20*b**5 + 1/3*b**3 - 1/2*b**2 + 1/6*b**4. Give v(3).
-4
Suppose 207 + 233 = -44*j. Let v(o) = o**2 + 22*o - 18. Calculate v(j).
-138
Let c(o) = 21 + 28 - 90488*o - 14 + 90489*o. Calculate c(-10).
25
Let n(w) = 7*w**2 - 8*w - 3. Let c(q) = -6*q**2 - 8*q + 5. Let k(g) = g**2 + 2*g - 1. Let s(j) = c(j) + 5*k(j). Let r(v) = n(v) + 6*s(v). Give r(-4).
-3
Let l(x) = -5*x**2 - 7*x - 6. Let t(q) = -4*q**2 - 5*q - 4. Let u(f) = -3*l(f) + 4*t(f). Suppose 8*c = -0*c - 88. Let m be ((3 - 0) + c/3)*3.